{"id":208,"date":"2020-07-27T20:22:03","date_gmt":"2020-07-27T20:22:03","guid":{"rendered":"https:\/\/www.trau-zweig.de\/?page_id=208"},"modified":"2020-07-29T00:56:58","modified_gmt":"2020-07-28T22:56:58","slug":"leistungen","status":"publish","type":"page","link":"https:\/\/www.trau-zweig.de\/index.php\/leistungen\/","title":{"rendered":"Leistungen"},"content":{"rendered":"\t\t<div data-elementor-type=\"wp-page\" data-elementor-id=\"208\" class=\"elementor elementor-208\">\n\t\t\t\t\t\t<section class=\"elementor-section elementor-top-section elementor-element elementor-element-6288764 elementor-section-boxed elementor-section-height-default elementor-section-height-default\" data-id=\"6288764\" data-element_type=\"section\">\n\t\t\t\t\t\t<div class=\"elementor-container elementor-column-gap-default\">\n\t\t\t\t\t<div class=\"elementor-column elementor-col-100 elementor-top-column elementor-element elementor-element-1dbad71\" data-id=\"1dbad71\" data-element_type=\"column\">\n\t\t\t<div class=\"elementor-widget-wrap elementor-element-populated\">\n\t\t\t\t\t\t<div class=\"elementor-element elementor-element-dca5208 elementor-widget elementor-widget-heading\" data-id=\"dca5208\" data-element_type=\"widget\" data-widget_type=\"heading.default\">\n\t\t\t\t<div class=\"elementor-widget-container\">\n\t\t\t<h2 class=\"elementor-heading-title elementor-size-default\">Was euch bei mir erwartet<\/h2>\t\t<\/div>\n\t\t\t\t<\/div>\n\t\t\t\t<div class=\"elementor-element elementor-element-d126736 elementor-widget elementor-widget-spacer\" data-id=\"d126736\" data-element_type=\"widget\" data-widget_type=\"spacer.default\">\n\t\t\t\t<div class=\"elementor-widget-container\">\n\t\t\t\t\t<div class=\"elementor-spacer\">\n\t\t\t<div class=\"elementor-spacer-inner\"><\/div>\n\t\t<\/div>\n\t\t\t\t<\/div>\n\t\t\t\t<\/div>\n\t\t\t\t<div class=\"elementor-element elementor-element-c5ed855 elementor-widget elementor-widget-heading\" data-id=\"c5ed855\" data-element_type=\"widget\" data-widget_type=\"heading.default\">\n\t\t\t\t<div class=\"elementor-widget-container\">\n\t\t\t<h2 class=\"elementor-heading-title elementor-size-default\">1. Ein unverbindliches Kennenlernen<\/h2>\t\t<\/div>\n\t\t\t\t<\/div>\n\t\t\t\t<div class=\"elementor-element elementor-element-7ef223b elementor-widget elementor-widget-spacer\" data-id=\"7ef223b\" data-element_type=\"widget\" data-widget_type=\"spacer.default\">\n\t\t\t\t<div class=\"elementor-widget-container\">\n\t\t\t\t\t<div class=\"elementor-spacer\">\n\t\t\t<div class=\"elementor-spacer-inner\"><\/div>\n\t\t<\/div>\n\t\t\t\t<\/div>\n\t\t\t\t<\/div>\n\t\t\t\t<div class=\"elementor-element elementor-element-6c3452c elementor-widget elementor-widget-text-editor\" data-id=\"6c3452c\" data-element_type=\"widget\" data-widget_type=\"text-editor.default\">\n\t\t\t\t<div class=\"elementor-widget-container\">\n\t\t\t\t\t\t\t<p>Zun\u00e4chst lernen wir uns ganz unverbindlich kennen. Dieses erste Gespr\u00e4ch soll euch die M\u00f6glichkeit geben sich einen ersten Eindruck zu verschaffen. Wie f\u00fchlt ihr euch dabei und habt ihr Lust mir mehr \u00fcber euch zu erz\u00e4hlen oder denkt ihr, dass die Chemie doch nicht ganz passt? Denn das ist oftmals ausschlaggebend. Nat\u00fcrlich m\u00f6chte ich, dass Ihr euch wohl f\u00fchlt, denn nur so kann ich euch bestm\u00f6glich kennenlernen und eine authentische, emotionale Rede f\u00fcr euch schreiben. Gerne k\u00f6nnt ihr mir hier auch schon von euren Ideen, W\u00fcnschen und der Hochzeitsplanung allgemein erz\u00e4hlen.<\/p>\t\t\t\t\t\t<\/div>\n\t\t\t\t<\/div>\n\t\t\t\t<div class=\"elementor-element elementor-element-c0dcfd8 elementor-widget elementor-widget-spacer\" data-id=\"c0dcfd8\" data-element_type=\"widget\" data-widget_type=\"spacer.default\">\n\t\t\t\t<div class=\"elementor-widget-container\">\n\t\t\t\t\t<div class=\"elementor-spacer\">\n\t\t\t<div class=\"elementor-spacer-inner\"><\/div>\n\t\t<\/div>\n\t\t\t\t<\/div>\n\t\t\t\t<\/div>\n\t\t\t\t<div class=\"elementor-element elementor-element-2be0220 elementor-widget elementor-widget-heading\" data-id=\"2be0220\" data-element_type=\"widget\" data-widget_type=\"heading.default\">\n\t\t\t\t<div class=\"elementor-widget-container\">\n\t\t\t<h2 class=\"elementor-heading-title elementor-size-default\">2. Das Vorbereitungsgespr\u00e4ch<\/h2>\t\t<\/div>\n\t\t\t\t<\/div>\n\t\t\t\t<div class=\"elementor-element elementor-element-962d693 elementor-widget elementor-widget-spacer\" data-id=\"962d693\" data-element_type=\"widget\" data-widget_type=\"spacer.default\">\n\t\t\t\t<div class=\"elementor-widget-container\">\n\t\t\t\t\t<div class=\"elementor-spacer\">\n\t\t\t<div class=\"elementor-spacer-inner\"><\/div>\n\t\t<\/div>\n\t\t\t\t<\/div>\n\t\t\t\t<\/div>\n\t\t\t\t<div class=\"elementor-element elementor-element-9560980 elementor-widget elementor-widget-text-editor\" data-id=\"9560980\" data-element_type=\"widget\" data-widget_type=\"text-editor.default\">\n\t\t\t\t<div class=\"elementor-widget-container\">\n\t\t\t\t\t\t\t<p>Habt Ihr nach dem ersten Kennenlernen ein gutes Gef\u00fchl und k\u00f6nnt euch weiterhin vorstellen mit mir euren gro\u00dfen Tag zu planen, verabreden wir uns zu dem Vorbereitungsgespr\u00e4ch, f\u00fcr das ihr dann ca. 2 \u2013 3 Stunden einplanen solltet. Heute geht es n\u00e4mlich ins Detail, denn ich bin neugierig und freue mich auf eure ganz pers\u00f6nliche Lovestory!<\/p>\t\t\t\t\t\t<\/div>\n\t\t\t\t<\/div>\n\t\t\t\t<div class=\"elementor-element elementor-element-f2a9aa5 elementor-widget elementor-widget-spacer\" data-id=\"f2a9aa5\" data-element_type=\"widget\" data-widget_type=\"spacer.default\">\n\t\t\t\t<div class=\"elementor-widget-container\">\n\t\t\t\t\t<div class=\"elementor-spacer\">\n\t\t\t<div class=\"elementor-spacer-inner\"><\/div>\n\t\t<\/div>\n\t\t\t\t<\/div>\n\t\t\t\t<\/div>\n\t\t\t\t<div class=\"elementor-element elementor-element-6bdf0b3 elementor-widget elementor-widget-heading\" data-id=\"6bdf0b3\" data-element_type=\"widget\" data-widget_type=\"heading.default\">\n\t\t\t\t<div class=\"elementor-widget-container\">\n\t\t\t<h2 class=\"elementor-heading-title elementor-size-default\">3. Die Planungsphase<\/h2>\t\t<\/div>\n\t\t\t\t<\/div>\n\t\t\t\t<div class=\"elementor-element elementor-element-d4c70c8 elementor-widget elementor-widget-spacer\" data-id=\"d4c70c8\" data-element_type=\"widget\" data-widget_type=\"spacer.default\">\n\t\t\t\t<div class=\"elementor-widget-container\">\n\t\t\t\t\t<div class=\"elementor-spacer\">\n\t\t\t<div class=\"elementor-spacer-inner\"><\/div>\n\t\t<\/div>\n\t\t\t\t<\/div>\n\t\t\t\t<\/div>\n\t\t\t\t<div class=\"elementor-element elementor-element-64afbca elementor-widget elementor-widget-text-editor\" data-id=\"64afbca\" data-element_type=\"widget\" data-widget_type=\"text-editor.default\">\n\t\t\t\t<div class=\"elementor-widget-container\">\n\t\t\t\t\t\t\t<p>Nun geht es zur aktiven Planung \u00fcber. Weitere Absprachen oder neue Ideen besprechen wir per Telefon, Mail oder einem Messanger. Ich treffe Absprachungen mit euren Angeh\u00f6rigen, Trauzeugen und Dienstleistern und dann geht\u2019s auch schon an eure Rede. Ich arbeite eure pers\u00f6nliche Trauzeremonie aus und schreibe eine auf euch zugeschnittene\u00a0 Rede. Dabei integriere ich passenden Symbole, Rituale sowie Beitr\u00e4ge eurer Trauzeugen und Angeh\u00f6rigen. Gerne unterst\u00fctze ich euch auch bei der Wahl passender Musik.<\/p>\t\t\t\t\t\t<\/div>\n\t\t\t\t<\/div>\n\t\t\t\t<div class=\"elementor-element elementor-element-a013f90 elementor-widget elementor-widget-spacer\" data-id=\"a013f90\" data-element_type=\"widget\" data-widget_type=\"spacer.default\">\n\t\t\t\t<div class=\"elementor-widget-container\">\n\t\t\t\t\t<div class=\"elementor-spacer\">\n\t\t\t<div class=\"elementor-spacer-inner\"><\/div>\n\t\t<\/div>\n\t\t\t\t<\/div>\n\t\t\t\t<\/div>\n\t\t\t\t<div class=\"elementor-element elementor-element-be6adf7 elementor-widget elementor-widget-heading\" data-id=\"be6adf7\" data-element_type=\"widget\" data-widget_type=\"heading.default\">\n\t\t\t\t<div class=\"elementor-widget-container\">\n\t\t\t<h2 class=\"elementor-heading-title elementor-size-default\">Es ist so weit! Euer gro\u00dfer Tag! Eure freie Trauung!<\/h2>\t\t<\/div>\n\t\t\t\t<\/div>\n\t\t\t\t<div class=\"elementor-element elementor-element-d1f2a75 elementor-widget elementor-widget-spacer\" data-id=\"d1f2a75\" data-element_type=\"widget\" data-widget_type=\"spacer.default\">\n\t\t\t\t<div class=\"elementor-widget-container\">\n\t\t\t\t\t<div class=\"elementor-spacer\">\n\t\t\t<div class=\"elementor-spacer-inner\"><\/div>\n\t\t<\/div>\n\t\t\t\t<\/div>\n\t\t\t\t<\/div>\n\t\t\t\t<div class=\"elementor-element elementor-element-ec32f88 elementor-widget elementor-widget-text-editor\" data-id=\"ec32f88\" data-element_type=\"widget\" data-widget_type=\"text-editor.default\">\n\t\t\t\t<div class=\"elementor-widget-container\">\n\t\t\t\t\t\t\t<p>Ich werde etwa eine Stunde vor Beginn der Zeremonie vor Ort sein. Nach der freien Trauung, die in der Regel ca. 45 Minuten dauert, erhaltet Ihr noch eine pers\u00f6nliche Trauurkunde von mir und dann k\u00f6nnt ihr einfach nur noch feiern und genie\u00dfen.<\/p>\t\t\t\t\t\t<\/div>\n\t\t\t\t<\/div>\n\t\t\t\t\t<\/div>\n\t\t<\/div>\n\t\t\t\t\t<\/div>\n\t\t<\/section>\n\t\t\t\t<section class=\"elementor-section elementor-top-section elementor-element elementor-element-192a091 elementor-section-boxed elementor-section-height-default elementor-section-height-default\" data-id=\"192a091\" data-element_type=\"section\">\n\t\t\t\t\t\t<div class=\"elementor-container elementor-column-gap-default\">\n\t\t\t\t\t<div class=\"elementor-column elementor-col-100 elementor-top-column elementor-element elementor-element-6c1c71c\" data-id=\"6c1c71c\" data-element_type=\"column\">\n\t\t\t<div class=\"elementor-widget-wrap elementor-element-populated\">\n\t\t\t\t\t\t<div class=\"elementor-element elementor-element-cb1ab2e elementor-widget elementor-widget-image\" data-id=\"cb1ab2e\" data-element_type=\"widget\" data-widget_type=\"image.default\">\n\t\t\t\t<div class=\"elementor-widget-container\">\n\t\t\t\t\t\t\t\t\t\t\t\t\t<img decoding=\"async\" src=\"https:\/\/www.trau-zweig.de\/wp-content\/uploads\/elementor\/thumbs\/marriage1-ot3nqeleppk15bdmkldy9g3mmfjezrulhkbyhkh868.jpg\" title=\"Hochzeits Feier\" alt=\"Hochzeits Feier\" loading=\"lazy\" \/>\t\t\t\t\t\t\t\t\t\t\t\t\t<\/div>\n\t\t\t\t<\/div>\n\t\t\t\t<div class=\"elementor-element elementor-element-a101791 elementor-widget elementor-widget-spacer\" data-id=\"a101791\" data-element_type=\"widget\" data-widget_type=\"spacer.default\">\n\t\t\t\t<div class=\"elementor-widget-container\">\n\t\t\t\t\t<div class=\"elementor-spacer\">\n\t\t\t<div class=\"elementor-spacer-inner\"><\/div>\n\t\t<\/div>\n\t\t\t\t<\/div>\n\t\t\t\t<\/div>\n\t\t\t\t\t<\/div>\n\t\t<\/div>\n\t\t\t\t\t<\/div>\n\t\t<\/section>\n\t\t\t\t<\/div>\n\t\t","protected":false},"excerpt":{"rendered":"<p>Was euch bei mir erwartet 1. Ein unverbindliches Kennenlernen Zun\u00e4chst lernen wir uns ganz unverbindlich kennen. Dieses erste Gespr\u00e4ch soll euch die M\u00f6glichkeit geben sich einen ersten Eindruck zu verschaffen. Wie f\u00fchlt ihr euch dabei und habt ihr Lust mir mehr \u00fcber euch zu erz\u00e4hlen oder denkt ihr, dass die Chemie doch nicht ganz passt? [&hellip;]<\/p>\n","protected":false},"author":1,"featured_media":0,"parent":0,"menu_order":0,"comment_status":"closed","ping_status":"closed","template":"","meta":{"site-sidebar-layout":"no-sidebar","site-content-layout":"page-builder","ast-site-content-layout":"","site-content-style":"default","site-sidebar-style":"default","ast-global-header-display":"","ast-banner-title-visibility":"","ast-main-header-display":"","ast-hfb-above-header-display":"","ast-hfb-below-header-display":"","ast-hfb-mobile-header-display":"","site-post-title":"disabled","ast-breadcrumbs-content":"","ast-featured-img":"disabled","footer-sml-layout":"","theme-transparent-header-meta":"","adv-header-id-meta":"","stick-header-meta":"","header-above-stick-meta":"","header-main-stick-meta":"","header-below-stick-meta":"","astra-migrate-meta-layouts":"default","ast-page-background-enabled":"default","ast-page-background-meta":{"desktop":{"background-color":"","background-image":"","background-repeat":"repeat","background-position":"center center","background-size":"auto","background-attachment":"scroll","background-type":"","background-media":"","overlay-type":"","overlay-color":"","overlay-opacity":"","overlay-gradient":""},"tablet":{"background-color":"","background-image":"","background-repeat":"repeat","background-position":"center center","background-size":"auto","background-attachment":"scroll","background-type":"","background-media":"","overlay-type":"","overlay-color":"","overlay-opacity":"","overlay-gradient":""},"mobile":{"background-color":"","background-image":"","background-repeat":"repeat","background-position":"center center","background-size":"auto","background-attachment":"scroll","background-type":"","background-media":"","overlay-type":"","overlay-color":"","overlay-opacity":"","overlay-gradient":""}},"ast-content-background-meta":{"desktop":{"background-color":"var(--ast-global-color-5)","background-image":"","background-repeat":"repeat","background-position":"center center","background-size":"auto","background-attachment":"scroll","background-type":"","background-media":"","overlay-type":"","overlay-color":"","overlay-opacity":"","overlay-gradient":""},"tablet":{"background-color":"var(--ast-global-color-5)","background-image":"","background-repeat":"repeat","background-position":"center center","background-size":"auto","background-attachment":"scroll","background-type":"","background-media":"","overlay-type":"","overlay-color":"","overlay-opacity":"","overlay-gradient":""},"mobile":{"background-color":"var(--ast-global-color-5)","background-image":"","background-repeat":"repeat","background-position":"center center","background-size":"auto","background-attachment":"scroll","background-type":"","background-media":"","overlay-type":"","overlay-color":"","overlay-opacity":"","overlay-gradient":""}},"footnotes":""},"_links":{"self":[{"href":"https:\/\/www.trau-zweig.de\/index.php\/wp-json\/wp\/v2\/pages\/208"}],"collection":[{"href":"https:\/\/www.trau-zweig.de\/index.php\/wp-json\/wp\/v2\/pages"}],"about":[{"href":"https:\/\/www.trau-zweig.de\/index.php\/wp-json\/wp\/v2\/types\/page"}],"author":[{"embeddable":true,"href":"https:\/\/www.trau-zweig.de\/index.php\/wp-json\/wp\/v2\/users\/1"}],"replies":[{"embeddable":true,"href":"https:\/\/www.trau-zweig.de\/index.php\/wp-json\/wp\/v2\/comments?post=208"}],"version-history":[{"count":4,"href":"https:\/\/www.trau-zweig.de\/index.php\/wp-json\/wp\/v2\/pages\/208\/revisions"}],"predecessor-version":[{"id":325,"href":"https:\/\/www.trau-zweig.de\/index.php\/wp-json\/wp\/v2\/pages\/208\/revisions\/325"}],"wp:attachment":[{"href":"https:\/\/www.trau-zweig.de\/index.php\/wp-json\/wp\/v2\/media?parent=208"}],"curies":[{"name":"wp","href":"https:\/\/api.w.org\/{rel}","templated":true}]}}

<div data-elementor-type="wp-page" data-elementor-id="208" class="elementor elementor-208">
						<section class="elementor-section elementor-top-section elementor-element elementor-element-6288764 elementor-section-boxed elementor-section-height-default elementor-section-height-default" data-id="6288764" data-element_type="section">
						<div class="elementor-container elementor-column-gap-default">
					<div class="elementor-column elementor-col-100 elementor-top-column elementor-element elementor-element-1dbad71" data-id="1dbad71" data-element_type="column">
			<div class="elementor-widget-wrap elementor-element-populated">
						<div class="elementor-element elementor-element-dca5208 elementor-widget elementor-widget-heading" data-id="dca5208" data-element_type="widget" data-widget_type="heading.default">
				<div class="elementor-widget-container">
			<h2 class="elementor-heading-title elementor-size-default">Was euch bei mir erwartet</h2>		</div>
				</div>
				<div class="elementor-element elementor-element-d126736 elementor-widget elementor-widget-spacer" data-id="d126736" data-element_type="widget" data-widget_type="spacer.default">
				<div class="elementor-widget-container">
					<div class="elementor-spacer">
			<div class="elementor-spacer-inner"></div>
		</div>
				</div>
				</div>
				<div class="elementor-element elementor-element-c5ed855 elementor-widget elementor-widget-heading" data-id="c5ed855" data-element_type="widget" data-widget_type="heading.default">
				<div class="elementor-widget-container">
			<h2 class="elementor-heading-title elementor-size-default">1. Ein unverbindliches Kennenlernen</h2>		</div>
				</div>
				<div class="elementor-element elementor-element-7ef223b elementor-widget elementor-widget-spacer" data-id="7ef223b" data-element_type="widget" data-widget_type="spacer.default">
				<div class="elementor-widget-container">
					<div class="elementor-spacer">
			<div class="elementor-spacer-inner"></div>
		</div>
				</div>
				</div>
				<div class="elementor-element elementor-element-6c3452c elementor-widget elementor-widget-text-editor" data-id="6c3452c" data-element_type="widget" data-widget_type="text-editor.default">
				<div class="elementor-widget-container">
							<p>Zunächst lernen wir uns ganz unverbindlich kennen. Dieses erste Gespräch soll euch die Möglichkeit geben sich einen ersten Eindruck zu verschaffen. Wie fühlt ihr euch dabei und habt ihr Lust mir mehr über euch zu erzählen oder denkt ihr, dass die Chemie doch nicht ganz passt? Denn das ist oftmals ausschlaggebend. Natürlich möchte ich, dass Ihr euch wohl fühlt, denn nur so kann ich euch bestmöglich kennenlernen und eine authentische, emotionale Rede für euch schreiben. Gerne könnt ihr mir hier auch schon von euren Ideen, Wünschen und der Hochzeitsplanung allgemein erzählen.</p>						</div>
				</div>
				<div class="elementor-element elementor-element-c0dcfd8 elementor-widget elementor-widget-spacer" data-id="c0dcfd8" data-element_type="widget" data-widget_type="spacer.default">
				<div class="elementor-widget-container">
					<div class="elementor-spacer">
			<div class="elementor-spacer-inner"></div>
		</div>
				</div>
				</div>
				<div class="elementor-element elementor-element-2be0220 elementor-widget elementor-widget-heading" data-id="2be0220" data-element_type="widget" data-widget_type="heading.default">
				<div class="elementor-widget-container">
			<h2 class="elementor-heading-title elementor-size-default">2. Das Vorbereitungsgespräch</h2>		</div>
				</div>
				<div class="elementor-element elementor-element-962d693 elementor-widget elementor-widget-spacer" data-id="962d693" data-element_type="widget" data-widget_type="spacer.default">
				<div class="elementor-widget-container">
					<div class="elementor-spacer">
			<div class="elementor-spacer-inner"></div>
		</div>
				</div>
				</div>
				<div class="elementor-element elementor-element-9560980 elementor-widget elementor-widget-text-editor" data-id="9560980" data-element_type="widget" data-widget_type="text-editor.default">
				<div class="elementor-widget-container">
							<p>Habt Ihr nach dem ersten Kennenlernen ein gutes Gefühl und könnt euch weiterhin vorstellen mit mir euren großen Tag zu planen, verabreden wir uns zu dem Vorbereitungsgespräch, für das ihr dann ca. 2 – 3 Stunden einplanen solltet. Heute geht es nämlich ins Detail, denn ich bin neugierig und freue mich auf eure ganz persönliche Lovestory!</p>						</div>
				</div>
				<div class="elementor-element elementor-element-f2a9aa5 elementor-widget elementor-widget-spacer" data-id="f2a9aa5" data-element_type="widget" data-widget_type="spacer.default">
				<div class="elementor-widget-container">
					<div class="elementor-spacer">
			<div class="elementor-spacer-inner"></div>
		</div>
				</div>
				</div>
				<div class="elementor-element elementor-element-6bdf0b3 elementor-widget elementor-widget-heading" data-id="6bdf0b3" data-element_type="widget" data-widget_type="heading.default">
				<div class="elementor-widget-container">
			<h2 class="elementor-heading-title elementor-size-default">3. Die Planungsphase</h2>		</div>
				</div>
				<div class="elementor-element elementor-element-d4c70c8 elementor-widget elementor-widget-spacer" data-id="d4c70c8" data-element_type="widget" data-widget_type="spacer.default">
				<div class="elementor-widget-container">
					<div class="elementor-spacer">
			<div class="elementor-spacer-inner"></div>
		</div>
				</div>
				</div>
				<div class="elementor-element elementor-element-64afbca elementor-widget elementor-widget-text-editor" data-id="64afbca" data-element_type="widget" data-widget_type="text-editor.default">
				<div class="elementor-widget-container">
							<p>Nun geht es zur aktiven Planung über. Weitere Absprachen oder neue Ideen besprechen wir per Telefon, Mail oder einem Messanger. Ich treffe Absprachungen mit euren Angehörigen, Trauzeugen und Dienstleistern und dann geht’s auch schon an eure Rede. Ich arbeite eure persönliche Trauzeremonie aus und schreibe eine auf euch zugeschnittene  Rede. Dabei integriere ich passenden Symbole, Rituale sowie Beiträge eurer Trauzeugen und Angehörigen. Gerne unterstütze ich euch auch bei der Wahl passender Musik.</p>						</div>
				</div>
				<div class="elementor-element elementor-element-a013f90 elementor-widget elementor-widget-spacer" data-id="a013f90" data-element_type="widget" data-widget_type="spacer.default">
				<div class="elementor-widget-container">
					<div class="elementor-spacer">
			<div class="elementor-spacer-inner"></div>
		</div>
				</div>
				</div>
				<div class="elementor-element elementor-element-be6adf7 elementor-widget elementor-widget-heading" data-id="be6adf7" data-element_type="widget" data-widget_type="heading.default">
				<div class="elementor-widget-container">
			<h2 class="elementor-heading-title elementor-size-default">Es ist so weit! Euer großer Tag! Eure freie Trauung!</h2>		</div>
				</div>
				<div class="elementor-element elementor-element-d1f2a75 elementor-widget elementor-widget-spacer" data-id="d1f2a75" data-element_type="widget" data-widget_type="spacer.default">
				<div class="elementor-widget-container">
					<div class="elementor-spacer">
			<div class="elementor-spacer-inner"></div>
		</div>
				</div>
				</div>
				<div class="elementor-element elementor-element-ec32f88 elementor-widget elementor-widget-text-editor" data-id="ec32f88" data-element_type="widget" data-widget_type="text-editor.default">
				<div class="elementor-widget-container">
							<p>Ich werde etwa eine Stunde vor Beginn der Zeremonie vor Ort sein. Nach der freien Trauung, die in der Regel ca. 45 Minuten dauert, erhaltet Ihr noch eine persönliche Trauurkunde von mir und dann könnt ihr einfach nur noch feiern und genießen.</p>						</div>
				</div>
					</div>
		</div>
					</div>
		</section>
				<section class="elementor-section elementor-top-section elementor-element elementor-element-192a091 elementor-section-boxed elementor-section-height-default elementor-section-height-default" data-id="192a091" data-element_type="section">
						<div class="elementor-container elementor-column-gap-default">
					<div class="elementor-column elementor-col-100 elementor-top-column elementor-element elementor-element-6c1c71c" data-id="6c1c71c" data-element_type="column">
			<div class="elementor-widget-wrap elementor-element-populated">
						<div class="elementor-element elementor-element-cb1ab2e elementor-widget elementor-widget-image" data-id="cb1ab2e" data-element_type="widget" data-widget_type="image.default">
				<div class="elementor-widget-container">
													<img decoding="async" src="https://www.trau-zweig.de/wp-content/uploads/elementor/thumbs/marriage1-ot3nqeleppk15bdmkldy9g3mmfjezrulhkbyhkh868.jpg" title="Hochzeits Feier" alt="Hochzeits Feier" loading="lazy" />													</div>
				</div>
				<div class="elementor-element elementor-element-a101791 elementor-widget elementor-widget-spacer" data-id="a101791" data-element_type="widget" data-widget_type="spacer.default">
				<div class="elementor-widget-container">
					<div class="elementor-spacer">
			<div class="elementor-spacer-inner"></div>
		</div>
				</div>
				</div>
					</div>
		</div>
					</div>
		</section>
				</div>

<p>Was euch bei mir erwartet 1. Ein unverbindliches Kennenlernen Zunächst lernen wir uns ganz unverbindlich kennen. Dieses erste Gespräch soll euch die Möglichkeit geben sich einen ersten Eindruck zu verschaffen. Wie fühlt ihr euch dabei und habt ihr Lust mir mehr über euch zu erzählen oder denkt ihr, dass die Chemie doch nicht ganz passt? [&hellip;]</p>
