{"id":136,"date":"2020-07-25T18:42:53","date_gmt":"2020-07-25T18:42:53","guid":{"rendered":"https:\/\/www.trau-zweig.de\/?page_id=136"},"modified":"2020-08-31T15:44:53","modified_gmt":"2020-08-31T13:44:53","slug":"trau-rituale","status":"publish","type":"page","link":"https:\/\/www.trau-zweig.de\/index.php\/trau-rituale\/","title":{"rendered":"Traurituale"},"content":{"rendered":"\t\t<div data-elementor-type=\"wp-page\" data-elementor-id=\"136\" class=\"elementor elementor-136\">\n\t\t\t\t\t\t<section class=\"elementor-section elementor-top-section elementor-element elementor-element-bdb662f elementor-section-boxed elementor-section-height-default elementor-section-height-default\" data-id=\"bdb662f\" data-element_type=\"section\">\n\t\t\t\t\t\t<div class=\"elementor-container elementor-column-gap-default\">\n\t\t\t\t\t<div class=\"elementor-column elementor-col-100 elementor-top-column elementor-element elementor-element-2a5906d\" data-id=\"2a5906d\" data-element_type=\"column\">\n\t\t\t<div class=\"elementor-widget-wrap elementor-element-populated\">\n\t\t\t\t\t\t<div class=\"elementor-element elementor-element-6d4ac60 elementor-widget elementor-widget-spacer\" data-id=\"6d4ac60\" data-element_type=\"widget\" data-widget_type=\"spacer.default\">\n\t\t\t\t<div class=\"elementor-widget-container\">\n\t\t\t\t\t<div class=\"elementor-spacer\">\n\t\t\t<div class=\"elementor-spacer-inner\"><\/div>\n\t\t<\/div>\n\t\t\t\t<\/div>\n\t\t\t\t<\/div>\n\t\t\t\t<div class=\"elementor-element elementor-element-e15909d elementor-widget elementor-widget-text-editor\" data-id=\"e15909d\" data-element_type=\"widget\" data-widget_type=\"text-editor.default\">\n\t\t\t\t<div class=\"elementor-widget-container\">\n\t\t\t\t\t\t\t<p>Jeder der schon mal selbst auf einer Hochzeit war, kennt seitdem bestimmt mindestens einen Hochzeitsbrauch und hat ein Trauritual miterlebt. Die Auswahl ist gro\u00df und reicht von sehr bekannten Ritualen, wie dem Sandritual, dem Steinritual oder dem B\u00e4umchen pflanzen bis hin zu ganz individuellen Ritualen, die eure gemeinsame Geschichte noch mal besonders unterstreichen. Gerne werde ich mit euch kreativ und arbeite ein auf euch zugeschnittenes Trauritual aus. Nun bekommt ihr aber zun\u00e4chst einen kleinen \u00dcberblick der beliebtesten Rituale, die man nat\u00fcrlich auch abwandeln kann. Hauptsache es passt zu euch!<\/p><p>Starten wir doch einfach mal mit einem der bekanntesten Rituale.<\/p>\t\t\t\t\t\t<\/div>\n\t\t\t\t<\/div>\n\t\t\t\t<div class=\"elementor-element elementor-element-046d532 elementor-widget elementor-widget-heading\" data-id=\"046d532\" data-element_type=\"widget\" data-widget_type=\"heading.default\">\n\t\t\t\t<div class=\"elementor-widget-container\">\n\t\t\t<h2 class=\"elementor-heading-title elementor-size-default\">1. Das Sandritual<\/h2>\t\t<\/div>\n\t\t\t\t<\/div>\n\t\t\t\t<div class=\"elementor-element elementor-element-351a7e0 elementor-widget elementor-widget-spacer\" data-id=\"351a7e0\" data-element_type=\"widget\" data-widget_type=\"spacer.default\">\n\t\t\t\t<div class=\"elementor-widget-container\">\n\t\t\t\t\t<div class=\"elementor-spacer\">\n\t\t\t<div class=\"elementor-spacer-inner\"><\/div>\n\t\t<\/div>\n\t\t\t\t<\/div>\n\t\t\t\t<\/div>\n\t\t\t\t\t<\/div>\n\t\t<\/div>\n\t\t\t\t\t<\/div>\n\t\t<\/section>\n\t\t\t\t<section class=\"elementor-section elementor-top-section elementor-element elementor-element-d6a0aef elementor-section-boxed elementor-section-height-default elementor-section-height-default\" data-id=\"d6a0aef\" data-element_type=\"section\">\n\t\t\t\t\t\t<div class=\"elementor-container elementor-column-gap-default\">\n\t\t\t\t\t<div class=\"elementor-column elementor-col-100 elementor-top-column elementor-element elementor-element-bb36178\" data-id=\"bb36178\" data-element_type=\"column\">\n\t\t\t<div class=\"elementor-widget-wrap elementor-element-populated\">\n\t\t\t\t\t\t<div class=\"elementor-element elementor-element-b79cff1 elementor-widget elementor-widget-text-editor\" data-id=\"b79cff1\" data-element_type=\"widget\" data-widget_type=\"text-editor.default\">\n\t\t\t\t<div class=\"elementor-widget-container\">\n\t\t\t\t\t\t\t<p>Einige behaupten dieser Brauch h\u00e4tte seinen Ursprung in den USA, doch tats\u00e4chlich stammt das Sandritual aus Hawai. Hier erhalten Braut und Br\u00e4utigam jeweils eine Holzschale, die sie mit Sand bef\u00fcllen. Anschlie\u00dfend f\u00fcllen sie den Sand abwechselnd von einem Holzsch\u00e4lchen in das andere. Dabei symbolisieren die Sandk\u00f6rner die gl\u00fccklichen Momente, die das Paar auch in der Ehe teilen soll. Es ist hierbei wichtig, dass sich der Sand gut vermischt, denn je besser er vermischt ist, je unzertrennlicher wird das Paar sein. Wenn man nicht direkt auf Hawai heiratet, nimmt man gerne auch einzelne Vasen mit verschiedenfarbigem Sand, der dann wieder abwechselnd in eine gro\u00dfe gemeinsame Vase gef\u00fcllt wird. Das sch\u00f6ne hierbei ist, dass man auch Kinder oder G\u00e4ste gut miteinbinden kann. Dieses Ritual wird auch gerne von Paaren gew\u00e4hlt, die viel reisen und vielleicht sogar noch kurz vor der Trauung Sand aus einem fernen Land mitgebracht haben, was nat\u00fcrlich keine Voraussetzung ist. Der Sand vom Timmendorfer Strand tut es auch :). Wichtig ist wieder nur was ihr als Paar damit assoziiert.<\/p>\t\t\t\t\t\t<\/div>\n\t\t\t\t<\/div>\n\t\t\t\t<div class=\"elementor-element elementor-element-5c03804 elementor-widget elementor-widget-image\" data-id=\"5c03804\" data-element_type=\"widget\" data-widget_type=\"image.default\">\n\t\t\t\t<div class=\"elementor-widget-container\">\n\t\t\t\t\t\t\t\t\t\t\t\t\t<img fetchpriority=\"high\" decoding=\"async\" width=\"768\" height=\"1024\" src=\"https:\/\/www.trau-zweig.de\/wp-content\/uploads\/2020\/08\/IMG-20200830-WA0015-768x1024.jpg\" class=\"attachment-large size-large wp-image-346\" alt=\"\" srcset=\"https:\/\/www.trau-zweig.de\/wp-content\/uploads\/2020\/08\/IMG-20200830-WA0015-768x1024.jpg 768w, https:\/\/www.trau-zweig.de\/wp-content\/uploads\/2020\/08\/IMG-20200830-WA0015-225x300.jpg 225w, https:\/\/www.trau-zweig.de\/wp-content\/uploads\/2020\/08\/IMG-20200830-WA0015-1152x1536.jpg 1152w, https:\/\/www.trau-zweig.de\/wp-content\/uploads\/2020\/08\/IMG-20200830-WA0015.jpg 1200w\" sizes=\"(max-width: 768px) 100vw, 768px\" \/>\t\t\t\t\t\t\t\t\t\t\t\t\t<\/div>\n\t\t\t\t<\/div>\n\t\t\t\t<div class=\"elementor-element elementor-element-aaa9cd5 elementor-widget elementor-widget-spacer\" data-id=\"aaa9cd5\" data-element_type=\"widget\" data-widget_type=\"spacer.default\">\n\t\t\t\t<div class=\"elementor-widget-container\">\n\t\t\t\t\t<div class=\"elementor-spacer\">\n\t\t\t<div class=\"elementor-spacer-inner\"><\/div>\n\t\t<\/div>\n\t\t\t\t<\/div>\n\t\t\t\t<\/div>\n\t\t\t\t<div class=\"elementor-element elementor-element-b91b65e elementor-widget elementor-widget-heading\" data-id=\"b91b65e\" data-element_type=\"widget\" data-widget_type=\"heading.default\">\n\t\t\t\t<div class=\"elementor-widget-container\">\n\t\t\t<h2 class=\"elementor-heading-title elementor-size-default\">2. Das Wunschband oder auch \u201eRinge wandern\u201c<\/h2>\t\t<\/div>\n\t\t\t\t<\/div>\n\t\t\t\t<div class=\"elementor-element elementor-element-382576d elementor-widget elementor-widget-spacer\" data-id=\"382576d\" data-element_type=\"widget\" data-widget_type=\"spacer.default\">\n\t\t\t\t<div class=\"elementor-widget-container\">\n\t\t\t\t\t<div class=\"elementor-spacer\">\n\t\t\t<div class=\"elementor-spacer-inner\"><\/div>\n\t\t<\/div>\n\t\t\t\t<\/div>\n\t\t\t\t<\/div>\n\t\t\t\t<div class=\"elementor-element elementor-element-b9bc3fe elementor-widget elementor-widget-text-editor\" data-id=\"b9bc3fe\" data-element_type=\"widget\" data-widget_type=\"text-editor.default\">\n\t\t\t\t<div class=\"elementor-widget-container\">\n\t\t\t\t\t\t\t<p>Hierbei werden die Eheringe an ein Band gef\u00e4delt, welches die Stuhlreihen der G\u00e4ste durchl\u00e4uft. Die Eheringe wandern nun an dem Band von Gast zu Gast und jeder hat die M\u00f6glichkeit durch Ber\u00fchren der Ringe seine guten W\u00fcnsche mit auf den Weg zu geben. Sobald die Eheringe den letzten Gast erreicht haben (oft ist das ein\/e Trauzeuge\/in oder ein Kind), nimmt dieser sie vom Band und \u00fcberreicht sie dem Brautpaar zum Ringtausch.<\/p>\t\t\t\t\t\t<\/div>\n\t\t\t\t<\/div>\n\t\t\t\t<div class=\"elementor-element elementor-element-5c8ae6f elementor-widget elementor-widget-image\" data-id=\"5c8ae6f\" data-element_type=\"widget\" data-widget_type=\"image.default\">\n\t\t\t\t<div class=\"elementor-widget-container\">\n\t\t\t\t\t\t\t\t\t\t\t\t\t<img decoding=\"async\" src=\"https:\/\/www.trau-zweig.de\/wp-content\/uploads\/elementor\/thumbs\/Fotos-Hochzeit-Sweta4_-scaled-ot3nmbyg84vk07covfx2v15b5fccgkqqhffy45g5nw.jpg\" title=\"Fotos Hochzeit Sweta.jpg4\" alt=\"Fotos Hochzeit Sweta.jpg4\" loading=\"lazy\" \/>\t\t\t\t\t\t\t\t\t\t\t\t\t<\/div>\n\t\t\t\t<\/div>\n\t\t\t\t<div class=\"elementor-element elementor-element-2230497 elementor-widget elementor-widget-spacer\" data-id=\"2230497\" data-element_type=\"widget\" data-widget_type=\"spacer.default\">\n\t\t\t\t<div class=\"elementor-widget-container\">\n\t\t\t\t\t<div class=\"elementor-spacer\">\n\t\t\t<div class=\"elementor-spacer-inner\"><\/div>\n\t\t<\/div>\n\t\t\t\t<\/div>\n\t\t\t\t<\/div>\n\t\t\t\t<div class=\"elementor-element elementor-element-cfe8f03 elementor-widget elementor-widget-heading\" data-id=\"cfe8f03\" data-element_type=\"widget\" data-widget_type=\"heading.default\">\n\t\t\t\t<div class=\"elementor-widget-container\">\n\t\t\t<h2 class=\"elementor-heading-title elementor-size-default\">3. B\u00e4umchen pflanzen<\/h2>\t\t<\/div>\n\t\t\t\t<\/div>\n\t\t\t\t<div class=\"elementor-element elementor-element-e773f08 elementor-widget elementor-widget-spacer\" data-id=\"e773f08\" data-element_type=\"widget\" data-widget_type=\"spacer.default\">\n\t\t\t\t<div class=\"elementor-widget-container\">\n\t\t\t\t\t<div class=\"elementor-spacer\">\n\t\t\t<div class=\"elementor-spacer-inner\"><\/div>\n\t\t<\/div>\n\t\t\t\t<\/div>\n\t\t\t\t<\/div>\n\t\t\t\t<div class=\"elementor-element elementor-element-26866b1 elementor-widget elementor-widget-text-editor\" data-id=\"26866b1\" data-element_type=\"widget\" data-widget_type=\"text-editor.default\">\n\t\t\t\t<div class=\"elementor-widget-container\">\n\t\t\t\t\t\t\t<p>Jedem ist sicherlich der Spruch bekannt \u201eDu erntest, was du s\u00e4hst\u201c. Einige bringen das schnell mit etwas Negativem in Verbindung, doch bei einer Trauzeremonie steckt eine wirklich sch\u00f6ne Bedeutung dahinter. Denn das B\u00e4umchen, das vom Paar gemeinsam w\u00e4hrend der Zeremonie eingepflanzt wird, soll mit ihrer Ehe wachsen. Oftmals bringen Freunde oder Familienmitglieder hierzu Erde aus dem eigenen Garten mit, die einen Teil der \u201eN\u00e4hrstoffe\u201c f\u00fcr die Ehe beisteuern sollen. Ist das B\u00e4umchen gepflanzt wird es zuletzt noch vom Paar gegossen, um es \u201ezum Leben zu erwecken\u201c.<\/p>\t\t\t\t\t\t<\/div>\n\t\t\t\t<\/div>\n\t\t\t\t<div class=\"elementor-element elementor-element-dc08f46 elementor-widget elementor-widget-image\" data-id=\"dc08f46\" data-element_type=\"widget\" data-widget_type=\"image.default\">\n\t\t\t\t<div class=\"elementor-widget-container\">\n\t\t\t\t\t\t\t\t\t\t\t\t\t<img decoding=\"async\" src=\"https:\/\/www.trau-zweig.de\/wp-content\/uploads\/elementor\/thumbs\/bridal-4468081_1280-ot3nklx3p2impxusxp3pagsvxzu4cjwg8wdwfw052k.jpg\" title=\"bridal-4468081_1280\" alt=\"bridal-4468081_1280\" loading=\"lazy\" \/>\t\t\t\t\t\t\t\t\t\t\t\t\t<\/div>\n\t\t\t\t<\/div>\n\t\t\t\t<div class=\"elementor-element elementor-element-5389f17 elementor-widget elementor-widget-spacer\" data-id=\"5389f17\" data-element_type=\"widget\" data-widget_type=\"spacer.default\">\n\t\t\t\t<div class=\"elementor-widget-container\">\n\t\t\t\t\t<div class=\"elementor-spacer\">\n\t\t\t<div class=\"elementor-spacer-inner\"><\/div>\n\t\t<\/div>\n\t\t\t\t<\/div>\n\t\t\t\t<\/div>\n\t\t\t\t<div class=\"elementor-element elementor-element-de941c3 elementor-widget elementor-widget-text-editor\" data-id=\"de941c3\" data-element_type=\"widget\" data-widget_type=\"text-editor.default\">\n\t\t\t\t<div class=\"elementor-widget-container\">\n\t\t\t\t\t\t\t<p>Da bekanntlich alle guten Dinge drei sind und um euch nicht direkt mit den zahlreichen\u00a0 M\u00f6glichkeiten an Trauritualen zu erschlagen, mache ich an dieser Stelle auch einen Stopp.<\/p><p>Weitere Ideen stelle ich euch gerne bei einem pers\u00f6nlichen Gespr\u00e4ch vor oder wie aktuell noch in Zeiten von Corona, zun\u00e4chst telefonisch oder per Mail.<\/p>\t\t\t\t\t\t<\/div>\n\t\t\t\t<\/div>\n\t\t\t\t\t<\/div>\n\t\t<\/div>\n\t\t\t\t\t<\/div>\n\t\t<\/section>\n\t\t\t\t<\/div>\n\t\t","protected":false},"excerpt":{"rendered":"<p>Jeder der schon mal selbst auf einer Hochzeit war, kennt seitdem bestimmt mindestens einen Hochzeitsbrauch und hat ein Trauritual miterlebt. Die Auswahl ist gro\u00df und reicht von sehr bekannten Ritualen, wie dem Sandritual, dem Steinritual oder dem B\u00e4umchen pflanzen bis hin zu ganz individuellen Ritualen, die eure gemeinsame Geschichte noch mal besonders unterstreichen. Gerne werde [&hellip;]<\/p>\n","protected":false},"author":1,"featured_media":0,"parent":0,"menu_order":0,"comment_status":"closed","ping_status":"closed","template":"","meta":{"site-sidebar-layout":"no-sidebar","site-content-layout":"page-builder","ast-site-content-layout":"","site-content-style":"default","site-sidebar-style":"default","ast-global-header-display":"","ast-banner-title-visibility":"","ast-main-header-display":"","ast-hfb-above-header-display":"","ast-hfb-below-header-display":"","ast-hfb-mobile-header-display":"","site-post-title":"disabled","ast-breadcrumbs-content":"","ast-featured-img":"disabled","footer-sml-layout":"","theme-transparent-header-meta":"default","adv-header-id-meta":"","stick-header-meta":"","header-above-stick-meta":"","header-main-stick-meta":"","header-below-stick-meta":"","astra-migrate-meta-layouts":"default","ast-page-background-enabled":"default","ast-page-background-meta":{"desktop":{"background-color":"","background-image":"","background-repeat":"repeat","background-position":"center center","background-size":"auto","background-attachment":"scroll","background-type":"","background-media":"","overlay-type":"","overlay-color":"","overlay-opacity":"","overlay-gradient":""},"tablet":{"background-color":"","background-image":"","background-repeat":"repeat","background-position":"center center","background-size":"auto","background-attachment":"scroll","background-type":"","background-media":"","overlay-type":"","overlay-color":"","overlay-opacity":"","overlay-gradient":""},"mobile":{"background-color":"","background-image":"","background-repeat":"repeat","background-position":"center center","background-size":"auto","background-attachment":"scroll","background-type":"","background-media":"","overlay-type":"","overlay-color":"","overlay-opacity":"","overlay-gradient":""}},"ast-content-background-meta":{"desktop":{"background-color":"var(--ast-global-color-5)","background-image":"","background-repeat":"repeat","background-position":"center center","background-size":"auto","background-attachment":"scroll","background-type":"","background-media":"","overlay-type":"","overlay-color":"","overlay-opacity":"","overlay-gradient":""},"tablet":{"background-color":"var(--ast-global-color-5)","background-image":"","background-repeat":"repeat","background-position":"center center","background-size":"auto","background-attachment":"scroll","background-type":"","background-media":"","overlay-type":"","overlay-color":"","overlay-opacity":"","overlay-gradient":""},"mobile":{"background-color":"var(--ast-global-color-5)","background-image":"","background-repeat":"repeat","background-position":"center center","background-size":"auto","background-attachment":"scroll","background-type":"","background-media":"","overlay-type":"","overlay-color":"","overlay-opacity":"","overlay-gradient":""}},"footnotes":""},"_links":{"self":[{"href":"https:\/\/www.trau-zweig.de\/index.php\/wp-json\/wp\/v2\/pages\/136"}],"collection":[{"href":"https:\/\/www.trau-zweig.de\/index.php\/wp-json\/wp\/v2\/pages"}],"about":[{"href":"https:\/\/www.trau-zweig.de\/index.php\/wp-json\/wp\/v2\/types\/page"}],"author":[{"embeddable":true,"href":"https:\/\/www.trau-zweig.de\/index.php\/wp-json\/wp\/v2\/users\/1"}],"replies":[{"embeddable":true,"href":"https:\/\/www.trau-zweig.de\/index.php\/wp-json\/wp\/v2\/comments?post=136"}],"version-history":[{"count":14,"href":"https:\/\/www.trau-zweig.de\/index.php\/wp-json\/wp\/v2\/pages\/136\/revisions"}],"predecessor-version":[{"id":374,"href":"https:\/\/www.trau-zweig.de\/index.php\/wp-json\/wp\/v2\/pages\/136\/revisions\/374"}],"wp:attachment":[{"href":"https:\/\/www.trau-zweig.de\/index.php\/wp-json\/wp\/v2\/media?parent=136"}],"curies":[{"name":"wp","href":"https:\/\/api.w.org\/{rel}","templated":true}]}}